e factors of u.
31
Suppose -4*l + 24 = -4*w, -2*w = 3*l - 0*l + 2. Suppose -5*n = -d + 9, 4*d - l*n = -3 + 39. Suppose -d - 6 = -5*j. List the prime factors of j.
3
Let j(x) = -x**3 - 5*x**2 - 3*x - 2. Let h(c) = c**3 + 11*c**2 + 12*c + 15. Let u = 0 - 10. Let i be h(u). What are the prime factors of j(i)?
13
What are the prime factors of -110*((-72)/(-20) + -4)?
2, 11
Suppose 5*w = m + 4 + 11, 0 = 5*w + 3*m - 35. Suppose o + w*o = 95. What are the prime factors of o?
19
Let u = -9 - -9. Suppose -s = -u*s - 4. List the prime factors of s.
2
Let b be 3/(-15) - (-71)/5. Suppose -3*v + b = 4*u, u + v = -4*u + 23. List the prime factors of u.
5
Suppose 0 = 9*h - 15*h + 1848. List the prime factors of h.
2, 7, 11
Let d(l) = -l**3 - 6*l**2 - l - 7. Let o be d(-6). Let n = 2 - o. Suppose -n*h - 12 = -0*h, -4*a = -3*h - 72. List the prime factors of a.
3, 5
Let g(k) = -k**3 + 4*k**2 + 4*k + 7. Let w be g(5). List the prime factors of (-1)/(w/(-8)) - 0.
2
Let v(s) = -11*s + 12. Let y be v(-9). Suppose 4*h = 17 + y. Suppose 0 = 2*w - 3*i - h, -w + 2*w - 4*i = 26. What are the prime factors of w?
2, 5
Suppose -2*x - 6*j + 2*j + 80 = 0, 0 = x + 3*j - 39. List the prime factors of x.
2, 3, 7
Let g(o) = 4*o**3 + o**2 - o - 1. Let m be g(-1). Let t = m + 6. What are the prime factors of t?
3
Let u(w) = -29*w - 2. List the prime factors of u(-4).
2, 3, 19
Suppose 9*z - 30 = 15. What are the prime factors of z?
5
Let l(r) = -5*r - 9. List the prime factors of l(-14).
61
Suppose -13*o + 165 = -8*o. List the prime factors of o.
3, 11
Suppose 0 = -5*w + 3*w + 8. Suppose 4*y - 39 = -5*z, 5*z - w*y - 8 - 23 = 0. What are the prime factors of z?
7
Let s(t) = t**3 - 30*t**2 + 5*t + 44. What are the prime factors of s(30)?
2, 97
Suppose 1 = 3*d - 5. Suppose -3*n - c = 3*c - 48, -4*c - 12 = -d*n. List the prime factors of n.
2, 3
Suppose -5*b - 16 - 34 = 0. Let u = b - -12. List the prime factors of u.
2
Let q(b) = 4*b - 5. Let c be q(4). Let j = 4 + c. What are the prime factors of j?
3, 5
Let r = 6 + -2. Suppose 3*g - r = 2*g. What are the prime factors of (5/g)/((-2)/(-8))?
5
Suppose 0 = 4*u - 4 - 8. Let w be 4*6/(-8)*-1. Suppose -i + u + w = 0. What are the prime factors of i?
2, 3
Let j(o) = -o**2 - 3*o - 2. Let v be j(-2). List the prime factors of (-1)/(v - -1) + 5.
2
List the prime factors of (-136)/12*(1 - 7).
2, 17
Let b = 3 + 11. What are the prime factors of b?
2, 7
Suppose -2*y + 27 = -5*p, 0 = 2*y - y + 2*p. List the prime factors of (10 + -4)*4/y.
2
Let u(m) = m**3 + 3*m**2 + 4*m. Let r be u(-3). Let a be 1/4 - (-18)/(-8). List the prime factors of r/a + (-1 - -2).
7
Suppose -p - 3*p + 64 = 0. List the prime factors of p.
2
Suppose 8 = -2*x, 0 = -3*o + 2*x - 5*x - 6. Suppose 6*b = o*b. Let h = 11 - b. What are the prime factors of h?
11
Let o(k) = -k**2 - 11*k + 14. Suppose 2*v = -v - 36. List the prime factors of o(v).
2
Suppose -u + 3*u - 10 = 0. Suppose u*g - 6*g = -4. Suppose -5*h + 8 = -k, 0 = g*h + k - 2*k - 6. What are the prime factors of h?
2
Let m(f) = -f**2 - 17*f + 1. List the prime factors of m(-15).
31
Let h(y) = 7*y**3 - y**2 + y - 1. Let b be h(1). Let t be (b/(-4))/(1/22). List the prime factors of (t/6)/((-1)/2).
11
Let w(i) = i**2 - 5*i. Let l be w(5). Let x(q) = q**2 + q + 9. Let p be x(l). Suppose -3*f - 3*k = -27, -f = -4*k - k - p. What are the prime factors of f?
3
Let w(t) = -5*t - 24. What are the prime factors of w(-8)?
2
Let g be -2 + (-3)/(6/(-80)). Suppose 4*j = -3*l + 69 + g, 0 = -2*l + 3*j + 94. Suppose 0 = t - 2*t + 2*o + 7, -l = -5*t + 4*o. List the prime factors of t.
3
Suppose -2*y = 3*p - 12 - 2, 0 = 3*p - 6. Suppose -3*l + 2*l - 22 = -2*g, 3*g + 5*l = 20. Suppose g + 18 = y*z. List the prime factors of z.
7
Let m(a) = -3 + 1 - 10*a**3 + 9*a**3 + a**2. What are the prime factors of m(-3)?
2, 17
Let n = -32 + 15. Let t = -11 - n. List the prime factors of t.
2, 3
Suppose -2*t = -3*t + 2. Let v(w) = w**2 - w - 2. Let k be v(t). Suppose k = 3*j - 33 - 9. What are the prime factors of j?
2, 7
Suppose -y - 2*d = -5*y + 10, 5*y - 5*d = 0. Suppose -4*l + 45 = y*u, -5*l - 4*u + 40 = -u. Suppose l*i + 0*i = 50. What are the prime factors of i?
2, 5
Let t(y) = y + 12. Let w(i) = -8*i**2 + i + 5 + 4*i**3 - 3 - 5*i**3. Let n be w(-8). List the prime factors of t(n).
2, 3
Let j(g) = 3*g + 62. List the prime factors of j(-16).
2, 7
Let l = -18 + 57. What are the prime factors of l?
3, 13
Suppose 4*p - 17 = g, -1 = -g - 4*p + 2*p. Let w = g + 7. List the prime factors of w.
2
Let r(f) = -f**2 + 8*f - 4. Let c be r(6). Suppose 2*y - 12 = c. What are the prime factors of y?
2, 5
Let t(s) = 2*s**2 - 4*s**2 + 6*s - 3 + 3*s**2 - s. Let i be t(-6). Suppose 4*k = -i*o + 6 + 44, 0 = 4*k - 20. List the prime factors of o.
2, 5
Let y(m) = 17*m - 7. What are the prime factors of y(4)?
61
Suppose 329 = 7*d - 0*d. What are the prime factors of d?
47
Let j(v) = v**3 + v**2 - v + 40. List the prime factors of j(0).
2, 5
Let f = -1 + -2. Let d = f - -8. Suppose 2*p + 3*y - 14 = 0, -4*y = -d*p + 5 + 30. List the prime factors of p.
7
Suppose 3*v + v = -3*w + 80, 100 = 5*v - w. Let p = v - 7. Let y = p + -4. List the prime factors of y.
3
Suppose 5*t - 362 + 32 = 0. List the prime factors of t.
2, 3, 11
Let h(p) = -p**3 + 10*p**2 + 8*p - 7. List the prime factors of h(9).
2, 73
Suppose -2*k - 4*o + 16 = 2*k, -2*k - 4 = 5*o. Let h = 15 - k. List the prime factors of h.
7
Suppose 0 = g - 2*k - 1, -g - 2*k + 3 = -2. Suppose g*y = -y + 3*i - 10, -4*y - 22 = 3*i. Let m = y - -11. List the prime factors of m.
7
List the prime factors of 5/25 + ((-3924)/10)/(-3).
131
Suppose -4*f = 3*n - 2*n - 8, -4*f - 4*n + 8 = 0. Suppose -f*h + 7 = -h. List the prime factors of h.
7
Let p = -18 + 183. What are the prime factors of p?
3, 5, 11
List the prime factors of -6 + (-2 - -4) + 164.
2, 5
Let w(t) = t**2 - t - 3. Let r be w(3). Suppose 0 = x - 4*x + r. Let a = x + 1. What are the prime factors of a?
2
Suppose -5 = -5*y + 2*y - 2*w, 2*y + 15 = -5*w. Suppose -130 = -3*n + y*l, l = 2*n - 0*l - 75. List the prime factors of n.
5, 7
Let n(h) be the first derivative of -2*h**3 + h**2/2 + 7*h - 3. Let d be n(-5). List the prime factors of (-4)/10 - d/20.
7
Let c be (7 + -9)/(1/5). What are the prime factors of 1 + -1 + (2 - c)?
2, 3
What are the prime factors of 52/20 - 3 - 2901/(-15)?
193
Let l be (1 + (-3)/2)*4. Let k(d) = d**2 - d - 1. Let t(n) = n**2 - 3*n - 2. Let w(q) = 2*k(q) - t(q). List the prime factors of w(l).
2
Let z(t) = -22*t**3 - 4*t**2 - 3*t - 7. Let d(c) = 15*c**3 + 3*c**2 + 2*c + 5. Let n(m) = -7*d(m) - 5*z(m). What are the prime factors of n(1)?
5
Suppose 0 = -j + x - 2 + 23, 30 = j - 4*x. Let h be 16*2/4 - 3. What are the prime factors of j/h + 6/(-10)?
3
Suppose 4*w = l + 119 - 797, 3*l + 4*w - 2082 = 0. What are the prime factors of l/36 - 2/12?
19
Let x(r) = r**2 - 2*r + 1. Let o be x(2). What are the prime factors of -2 + o + 40 + 5?
2, 11
Suppose 0 = 5*v + 5*a - 10, -8*v + 3*v + 18 = -3*a. Suppose v*r - 32 = 25. What are the prime factors of r?
19
List the prime factors of (-1)/(-2 + 357/179).
179
Let f(r) = 3*r**3 + r. Let t(y) = y - 6. Let c be t(7). Let l be f(c). Suppose 4*j - l = 2*j. List the prime factors of j.
2
Suppose 0 = -5*q + 2*j - 14 + 498, 0 = -5*q - 2*j + 496. What are the prime factors of q?
2, 7
Let o = -9 + 15. Let n = o + -1. Suppose n*t - x - 26 = 0, x = -4 + 8. What are the prime factors of t?
2, 3
What are the prime factors of (-204)/9*(-6)/4?
2, 17
Let b = -9 + 15. Suppose -b*f + 3*f + 63 = 0. What are the prime factors of f?
3, 7
Suppose -3*g + 109 = -56. List the prime factors of g.
5, 11
Let q = -29 - -13. Let o be 255/12 + 9/12. Let z = q + o. List the prime factors of z.
2, 3
Suppose 13*l = l + 2364. What are the prime factors of l?
197
Let a = -36 + 51. Let s be (-1 - (-27)/a)*10. Suppose -5*v + s = 3*r, 3*v + 2 = 2*v. What are the prime factors of r?
2, 3
Suppose 0 = 2*i - 4*p - 196 + 64, 0 = -4*i - 5*p + 212. List the prime factors of i.
2, 29
Let g = 0 - 0. Suppose g*t + 4 = t. What are the prime factors of t?
2
Let u(d) = d**3 - 4*d**2 - 6*d + 7. Let i be u(5). Let z = 27 - 17. Let c = i + z. List the prime factors of c.
2, 3
Let s(b) = 4*b**3 - b**2 - 1. What are the prime factors of s(2)?
3
Let k = -5 - -3